{"id":121,"date":"2018-06-13T04:25:16","date_gmt":"2018-06-13T04:25:16","guid":{"rendered":"http:\/\/localhost\/wordpress\/?page_id=121"},"modified":"2023-10-10T16:21:45","modified_gmt":"2023-10-10T16:21:45","slug":"programa-prevencion-focalizada-remolino","status":"publish","type":"page","link":"https:\/\/www.ceam.cl\/web\/programa-prevencion-focalizada-remolino\/","title":{"rendered":"Programa Prevenci\u00f3n Focalizada &#8211; Remolino"},"content":{"rendered":"<p><span class=\"s2\">Descripci\u00f3n del proyecto<\/span><\/p>\n<p class=\"s3\">El programa de prevenci\u00f3n focalizada PPF Remolino corresponde a la l\u00ednea de protecci\u00f3n de programas y atiende a ni\u00f1os, ni\u00f1as, adolescentes de 0 a 18 a\u00f1os, vulnerados en sus derechos y sus adultos significativos, derivados desde Tribunal de familia, instituciones o demanda espontanea.<\/p>\n<p class=\"s3\">A nivel de los ni\u00f1os, ni\u00f1as y adolescentes se trabaja en fortalecer los recursos personales en consideraci\u00f3n a la etapa de desarrollo en la que se encuentran. A nivel familiar se desarrolla un trabajo de fortalecimiento de competencias\/recursos parentales y\/o marentales. En el \u00e1mbito socio comunitario se intenta promover la incorporaci\u00f3n de co garantes del entorno familiar y\/o socio comunitario que aporten a la restituci\u00f3n de derechos, facilitando la sustentabilidad de los cambios.<\/p>\n<p><span class=\"s2\">Periodo de vigencia<\/span><\/p>\n<p class=\"s3\">Actualmente se encuentra con recursos de emergencia esperando resultados de licitaci\u00f3n para iniciar el 03 de julio 2018 por 2 a\u00f1os.<\/p>\n<p><span class=\"s2\">Plazas convenidas <\/span><\/p>\n<p class=\"s3\">Por convenio con SENAME se cuenta con 103 plazas, sin embargo Tribunal de familia puede derivar usuarios por art\u00edculo 80 bis los cuales deben ser ingresado de forma inmediata independiente de tener la cobertura total, lo que de forma mensual significa atender sobre lo convenido.<\/p>\n<p><span class=\"s2\">Equipo de trabajo y funciones<\/span><\/p>\n<p class=\"s3\">El programa de prevenci\u00f3n focalizada cuenta con un equipo de trabajo conformado por: directora (Asistente social) jefe t\u00e9cnico (psic\u00f3logo), asesor t\u00e9cnico y gestor de caso (psic\u00f3logo), gestores de caso (psic\u00f3logos y trabajadores sociales), t\u00e9cnico social encargado del trabajo de redes entre otras funciones, secretaria y auxiliar de aseo.<\/p>\n<p><span class=\"s2\">D<\/span><span class=\"s2\">atos director<\/span><\/p>\n<p>Sylvia Beatriz Albornoz Albornoz<\/p>\n<p>correo electr\u00f3nico \u00a0<a href=\"mailto:ppfremolino@ceam.cl\"><span class=\"s4\">ppfremolino@ceam.cl<\/span><\/a> \u2013 directorappf@ceam.cl<\/p>\n<p>Direcci\u00f3n: 5 sur, 5 y 6 oriente #1254<span class=\"gmail_default\">\u00a0Talca<\/span><\/p>\n\n\n<div class=\"wp-block-file\"><a href=\"https:\/\/www.ceam.cl\/web\/wp-content\/uploads\/2023\/10\/Convenio-Programa.pdf\">Convenio Programa<\/a><a href=\"https:\/\/www.ceam.cl\/web\/wp-content\/uploads\/2023\/10\/Convenio-Programa.pdf\" class=\"wp-block-file__button\" download>Descarga<\/a><\/div>\n\n\n\n<div class=\"wp-block-file\"><a href=\"https:\/\/www.ceam.cl\/web\/wp-content\/uploads\/2023\/10\/Modificaci\u00f3n-Convenio-Ampliaci\u00f3n-de-Plazas.pdf\">Modificaci\u00f3n Convenio Ampliaci\u00f3n de Plazas<\/a><a href=\"https:\/\/www.ceam.cl\/web\/wp-content\/uploads\/2023\/10\/Modificaci\u00f3n-Convenio-Ampliaci\u00f3n-de-Plazas.pdf\" class=\"wp-block-file__button\" download>Descarga<\/a><\/div>\n\n\n\n<div class=\"wp-block-file\"><a href=\"https:\/\/www.ceam.cl\/web\/wp-content\/uploads\/2023\/10\/Pr\u00f3rroga-y-Modificaci\u00f3n-Convenio.pdf\">Pr\u00f3rroga y Modificaci\u00f3n Convenio<\/a><a href=\"https:\/\/www.ceam.cl\/web\/wp-content\/uploads\/2023\/10\/Pr\u00f3rroga-y-Modificaci\u00f3n-Convenio.pdf\" class=\"wp-block-file__button\" download>Descarga<\/a><\/div>\n","protected":false},"excerpt":{"rendered":"<p>Descripci\u00f3n del proyecto El programa de prevenci\u00f3n focalizada PPF Remolino corresponde a la l\u00ednea de protecci\u00f3n de programas y atiende a ni\u00f1os, ni\u00f1as, adolescentes de 0 a 18 a\u00f1os, vulnerados [&hellip;]<\/p>\n","protected":false},"author":1,"featured_media":0,"parent":0,"menu_order":0,"comment_status":"closed","ping_status":"closed","template":"","meta":[],"_links":{"self":[{"href":"https:\/\/www.ceam.cl\/web\/wp-json\/wp\/v2\/pages\/121"}],"collection":[{"href":"https:\/\/www.ceam.cl\/web\/wp-json\/wp\/v2\/pages"}],"about":[{"href":"https:\/\/www.ceam.cl\/web\/wp-json\/wp\/v2\/types\/page"}],"author":[{"embeddable":true,"href":"https:\/\/www.ceam.cl\/web\/wp-json\/wp\/v2\/users\/1"}],"replies":[{"embeddable":true,"href":"https:\/\/www.ceam.cl\/web\/wp-json\/wp\/v2\/comments?post=121"}],"version-history":[{"count":5,"href":"https:\/\/www.ceam.cl\/web\/wp-json\/wp\/v2\/pages\/121\/revisions"}],"predecessor-version":[{"id":1703,"href":"https:\/\/www.ceam.cl\/web\/wp-json\/wp\/v2\/pages\/121\/revisions\/1703"}],"wp:attachment":[{"href":"https:\/\/www.ceam.cl\/web\/wp-json\/wp\/v2\/media?parent=121"}],"curies":[{"name":"wp","href":"https:\/\/api.w.org\/{rel}","templated":true}]}}

Programa Prevención Focalizada &#8211; Remolino

<p><span class="s2">Descripción del proyecto</span></p>
<p class="s3">El programa de prevención focalizada PPF Remolino corresponde a la línea de protección de programas y atiende a niños, niñas, adolescentes de 0 a 18 años, vulnerados en sus derechos y sus adultos significativos, derivados desde Tribunal de familia, instituciones o demanda espontanea.</p>
<p class="s3">A nivel de los niños, niñas y adolescentes se trabaja en fortalecer los recursos personales en consideración a la etapa de desarrollo en la que se encuentran. A nivel familiar se desarrolla un trabajo de fortalecimiento de competencias/recursos parentales y/o marentales. En el ámbito socio comunitario se intenta promover la incorporación de co garantes del entorno familiar y/o socio comunitario que aporten a la restitución de derechos, facilitando la sustentabilidad de los cambios.</p>
<p><span class="s2">Periodo de vigencia</span></p>
<p class="s3">Actualmente se encuentra con recursos de emergencia esperando resultados de licitación para iniciar el 03 de julio 2018 por 2 años.</p>
<p><span class="s2">Plazas convenidas </span></p>
<p class="s3">Por convenio con SENAME se cuenta con 103 plazas, sin embargo Tribunal de familia puede derivar usuarios por artículo 80 bis los cuales deben ser ingresado de forma inmediata independiente de tener la cobertura total, lo que de forma mensual significa atender sobre lo convenido.</p>
<p><span class="s2">Equipo de trabajo y funciones</span></p>
<p class="s3">El programa de prevención focalizada cuenta con un equipo de trabajo conformado por: directora (Asistente social) jefe técnico (psicólogo), asesor técnico y gestor de caso (psicólogo), gestores de caso (psicólogos y trabajadores sociales), técnico social encargado del trabajo de redes entre otras funciones, secretaria y auxiliar de aseo.</p>
<p><span class="s2">D</span><span class="s2">atos director</span></p>
<p>Sylvia Beatriz Albornoz Albornoz</p>
<p>correo electrónico  <a href="mailto:ppfremolino@ceam.cl"><span class="s4">ppfremolino@ceam.cl</span></a> – directorappf@ceam.cl</p>
<p>Dirección: 5 sur, 5 y 6 oriente #1254<span class="gmail_default"> Talca</span></p>


<div class="wp-block-file"><a href="https://www.ceam.cl/web/wp-content/uploads/2023/10/Convenio-Programa.pdf">Convenio Programa</a><a href="https://www.ceam.cl/web/wp-content/uploads/2023/10/Convenio-Programa.pdf" class="wp-block-file__button" download>Descarga</a></div>



<div class="wp-block-file"><a href="https://www.ceam.cl/web/wp-content/uploads/2023/10/Modificación-Convenio-Ampliación-de-Plazas.pdf">Modificación Convenio Ampliación de Plazas</a><a href="https://www.ceam.cl/web/wp-content/uploads/2023/10/Modificación-Convenio-Ampliación-de-Plazas.pdf" class="wp-block-file__button" download>Descarga</a></div>



<div class="wp-block-file"><a href="https://www.ceam.cl/web/wp-content/uploads/2023/10/Prórroga-y-Modificación-Convenio.pdf">Prórroga y Modificación Convenio</a><a href="https://www.ceam.cl/web/wp-content/uploads/2023/10/Prórroga-y-Modificación-Convenio.pdf" class="wp-block-file__button" download>Descarga</a></div>

<p>Descripción del proyecto El programa de prevención focalizada PPF Remolino corresponde a la línea de protección de programas y atiende a niños, niñas, adolescentes de 0 a 18 años, vulnerados [&hellip;]</p>
