{"id":123,"date":"2018-06-13T04:28:30","date_gmt":"2018-06-13T04:28:30","guid":{"rendered":"http:\/\/localhost\/wordpress\/?page_id=123"},"modified":"2023-04-21T20:54:41","modified_gmt":"2023-04-21T20:54:41","slug":"programa-libertad-asistida-especial-provincia-talca","status":"publish","type":"page","link":"https:\/\/www.ceam.cl\/web\/programa-libertad-asistida-especial-provincia-talca\/","title":{"rendered":"Programa Libertad Asistida Especial Provincia Talca"},"content":{"rendered":"<p>1.-Breve \u00a0descripci\u00f3n \u00a0del Programa de Libertad Asistida Especial <a name=\"_GoBack\"><\/a>:<\/p>\n<p>El Programa de Libertad Asistida Especial interviene J\u00f3venes de \u00a0ambos sexos, sancionados por la Ley 20.084 la cual sanciona a j\u00f3venes que cometan delito entre los 14 y 18 a\u00f1os, de la provincia de Talca. Siendo su objetivo general: \u201cAplicar un programa intensivo y especializado de intervenci\u00f3n y de supervisi\u00f3n en \u00a0 el contexto de la sanci\u00f3n decretada por el tribunal, que favorezcan la reinserci\u00f3n social del\/la decretada por el tribunal que favorezcan la reinserci\u00f3n social de\/la adolescente y su responsabilizaci\u00f3n frente al delito.\u201d \u00a0<\/p>\n<p class=\"s2\">\u00a02.-El periodo se vigencia del programa actual es \u00a0 Enero 2017 \u00a0 hasta \u00a0 el 31 de diciembre del 2019.<\/p>\n<p class=\"s2\">\u00a03.- En cuanto a las plazas convenidas son 140, pero de acuerdo al escenario jur\u00eddico actual \u00a0 no se vislumbra una sobre atenci\u00f3n de plazas, dado que la tendencia actual es la mantenci\u00f3n de 70 plazas.<\/p>\n<p class=\"s2\">\u00a04.- El equipo del Programa est\u00e1 compuesto por:<\/p>\n<p class=\"s2\"><span class=\"s3\">Director\/a: <\/span><\/p>\n<p class=\"s2\">\u00a0Su funci\u00f3n principal est\u00e1 referida a ser el representante del proyecto ante SENAME y el circuito judicial, desde la planificaci\u00f3n, monitoreo y direcci\u00f3n del proyecto en sus \u00e1mbitos t\u00e9cnicos y administrativo \u2013 financieros. Junto a ello, es el responsable de generar estrategias a nivel territorial que posibiliten una mejor gesti\u00f3n de redes, como tambi\u00e9n otorgar asesor\u00eda y supervisi\u00f3n especializada a los profesionales que tiene a su cargo, en conformidad a las orientaciones t\u00e9cnicas vigentes, as\u00ed como a los objetivos y metas establecidos.<\/p>\n<p class=\"s2\"><span class=\"s3\">Jefatura <\/span><span class=\"s3\">t\u00e9cnica<\/span>: \u00a0Asesora y acompa\u00f1a los procesos interventivos que llevan a cabo los delegados con los y las j\u00f3venes del programa, levantando sistematizaciones de pr\u00e1cticas interventivas del programa, entre otras tareas.<\/p>\n<p class=\"s2\">Delegados\/as: Debe facilitar y responsabilizarse sostenidamente del proceso de intervenci\u00f3n a trav\u00e9s de un v\u00ednculo significativo con el\/la adolescente en un trabajo en terreno. Adem\u00e1s, debe controlar, coordinar y supervisar la ejecuci\u00f3n del Plan de Intervenci\u00f3n Individual y de todas las acciones que ello implica, ya sean ejecutadas por el mismo o por el equipo de profesionales que se propongan en Secretaria: Apoya la gesti\u00f3n administrativa y contable del programa.<\/p>\n<p class=\"s2\"><span class=\"s3\">Apoyo administrativo<\/span>: Personal que apoya en diversas labores en la ejecuci\u00f3n del programa (auxiliar de aseo y profesional de apoyo a delegados). \u00a0<\/p>\n<p class=\"s2\">Directora: Jocelyn Canales Garc\u00eda<\/p>\n<p class=\"s2\">Correo Programa: <a href=\"mailto:ple@ceam.cl\"><span class=\"s4\">ple@ceam.cl<\/span><\/a><\/p>\n<p class=\"s2\">Correo directora: <a href=\"mailto:directoraple@ceam.cl\"><span class=\"s4\">directoraple@ceam.cl<\/span><\/a><\/p>\n<p class=\"s2\">Fono:71- 2232524<\/p>\n<p class=\"s2\">Direcci\u00f3n Programa: 2 Poniente N\u00b01240- Talca.<\/p>\n<p style=\"font-weight: 400;\">\u00a0<\/p>\n\n\n<p><\/p>\n","protected":false},"excerpt":{"rendered":"<p>1.-Breve \u00a0descripci\u00f3n \u00a0del Programa de Libertad Asistida Especial : El Programa de Libertad Asistida Especial interviene J\u00f3venes de \u00a0ambos sexos, sancionados por la Ley 20.084 la cual sanciona a j\u00f3venes [&hellip;]<\/p>\n","protected":false},"author":1,"featured_media":0,"parent":0,"menu_order":0,"comment_status":"closed","ping_status":"closed","template":"","meta":[],"_links":{"self":[{"href":"https:\/\/www.ceam.cl\/web\/wp-json\/wp\/v2\/pages\/123"}],"collection":[{"href":"https:\/\/www.ceam.cl\/web\/wp-json\/wp\/v2\/pages"}],"about":[{"href":"https:\/\/www.ceam.cl\/web\/wp-json\/wp\/v2\/types\/page"}],"author":[{"embeddable":true,"href":"https:\/\/www.ceam.cl\/web\/wp-json\/wp\/v2\/users\/1"}],"replies":[{"embeddable":true,"href":"https:\/\/www.ceam.cl\/web\/wp-json\/wp\/v2\/comments?post=123"}],"version-history":[{"count":3,"href":"https:\/\/www.ceam.cl\/web\/wp-json\/wp\/v2\/pages\/123\/revisions"}],"predecessor-version":[{"id":1611,"href":"https:\/\/www.ceam.cl\/web\/wp-json\/wp\/v2\/pages\/123\/revisions\/1611"}],"wp:attachment":[{"href":"https:\/\/www.ceam.cl\/web\/wp-json\/wp\/v2\/media?parent=123"}],"curies":[{"name":"wp","href":"https:\/\/api.w.org\/{rel}","templated":true}]}}