{"id":1965,"date":"2024-07-29T01:19:22","date_gmt":"2024-07-29T01:19:22","guid":{"rendered":"https:\/\/www.ceam.cl\/web\/?page_id=1965"},"modified":"2026-08-20T14:53:38","modified_gmt":"2026-08-20T14:53:38","slug":"programa-de-acompanamiento-familiar-territorial-y-prevencion-focalizada-relmu-talca","status":"publish","type":"page","link":"https:\/\/www.ceam.cl\/web\/programa-de-acompanamiento-familiar-territorial-y-prevencion-focalizada-relmu-talca\/","title":{"rendered":"Programa De Acompa\u00f1amiento Familiar Territorial Y Prevenci\u00f3n Focalizada Relmu &#8211; Talca"},"content":{"rendered":"\n<p class=\"justificar\">El Programa de Acompa\u00f1amiento Territorial est\u00e1 dirigido a la intervenci\u00f3n a ni\u00f1os, ni\u00f1as y adolescentes en situaci\u00f3n de desprotecci\u00f3n inicial e intermedia, que cuenten con familia o adulto a cargo del cuidado para realizar un proceso terap\u00e9utico y de fortalecimiento de sus v\u00ednculos, a cargo de acompa\u00f1antes terap\u00e9uticos, Trabajador Social y Psic\u00f3logo.<\/p>\n\n\n\n<p class=\"justificar\">El Programa de Prevenci\u00f3n Focalizada, desarrolla acciones que favorezcan el fortalecimiento de las potencialidades, del ni\u00f1o, ni\u00f1a o adolescente, de sus hermanos (si existen) de sus familias o figuras de cuidados, orientado al desarrollo de habilidades y factores protectores que favorezcan su protecci\u00f3n integral, que se encuentra a cargo de Gestores Territoriales.<\/p>\n\n\n\n<p>Ambos programas conforman un Modelo Integrado de Intervenci\u00f3n que cuenta con:<\/p>\n\n\n\n<ul>\n<li>Director\/a:&nbsp;Sylvia Beatriz Albornoz Albornoz \u2013 Rut 11560916-5, Asistente Social<\/li>\n\n\n\n<li>Jefatura T\u00e9cnica:&nbsp;Francisca Javiera Verdugo Arellano \u2013 19.472.756-9 Psic\u00f3loga<\/li>\n<\/ul>\n\n\n\n<p>&nbsp;&nbsp;&nbsp;&nbsp;&nbsp;&nbsp;&nbsp;&nbsp;&nbsp; &nbsp;&nbsp;&nbsp;&nbsp;&nbsp;&nbsp;&nbsp;&nbsp;&nbsp;&nbsp;&nbsp;&nbsp;&nbsp;&nbsp;&nbsp;&nbsp;&nbsp;&nbsp;&nbsp;&nbsp;&nbsp;&nbsp;&nbsp;&nbsp;&nbsp;&nbsp;&nbsp;&nbsp;&nbsp;&nbsp;&nbsp;&nbsp;&nbsp;Tamara Soledad Z\u00fa\u00f1iga Parada &#8211; 16.119.422-0, Psicologa (s)<\/p>\n\n\n\n<ul>\n<li class=\"interlineado\">Acompa\u00f1antes terap\u00e9uticos:<br>Nicolas Javier Maureira Osses &#8211; 20.900.370-8, Psicologo<br>Carla Lorena O\u00f1ate Perales &#8211; 16.503.833-9, Trabajadora Social<br>Karina Nicol Jara Olave &#8211; 18.349.724-3, Licenciada En Trabajo Social<br>Maria Carolina Ant\u00fanez Lara &#8211; 14.510.830-6, Trabajadora Social<br>Maria Jes\u00fas Payeras Fern\u00e1ndez &#8211; 19.106.168-3, Psicologa<br>Evelyn V\u00e1squez Miqueiro &#8211; 19.456.800-2, Asistente Social<br>Camila Angelica Rojas Morales &#8211; 19.389.949-8, Psicologa<br>Kevin Rodrigo Paredes Soto &#8211; 20.069.391-4, Psicologo<br>Tomas Renato Retamal Fuentes &#8211; 20.562.885-1, Trabajador Social<br><\/li>\n\n\n\n<li class=\"interlineado\">Gestores territoriales:<br>Jose Tomas Rojas Vera &#8211; 20.351.105-1, Asistente Social<br>Araceli Isidora Jelvez Rojas &#8211; 20.171.028-6, Asistente Social<br>Marcela Alejandra V\u00e1squez Gonzalez &#8211; 18.225.070-8, Trabajadora Social<br><\/li>\n<\/ul>\n\n\n\n<ul>\n<li>Personal Administrativo:<br>Jesabel Marian Pe\u00f1a Melgarejo \u2013 Rut 13950680-4, T\u00e9cnico en Administraci\u00f3n de Empresas<br><\/li>\n<\/ul>\n\n\n\n<ul>\n<li>Auxiliar de Aseo:<br>Yessica de Carmen Villaseca Morales \u2013 Rut 13.949.895-k<\/li>\n<\/ul>\n\n\n\n<p><\/p>\n\n\n\n<p>Actualmente el Programa Relmu se encuentra ubicado en 4 sur entre 6 y 7 oriente N\u00b01383, Talca.<\/p>\n\n\n\n<p>Plazas convenidas: 100 NNA<\/p>\n\n\n\n<p>Cuenta con 100 ni\u00f1os, ni\u00f1as y adolescentes ingresados.<\/p>\n\n\n\n<p>El periodo de vigencia del programa actual es desde enero 2024 a junio 2028. (4 a\u00f1os 6 meses)<\/p>\n\n\n\n<p>Su directora es Sylvia Albornoz Albornoz quien dirige el programa desde su apertura en el mes de enero del 2024.<\/p>\n\n\n\n<p>El equipo se encuentra conformado por 5 duplas psicosociales y 3 gestores territoriales (profesionales del \u00e1rea de las ciencias sociales), secretaria y personal de aseo.<\/p>\n\n\n\n<p>Datos de contacto del programa:<\/p>\n\n\n\n<p><a href=\"mailto:aftpfrelmu@ceam.cl\">aftpfrelmu@ceam.cl<\/a>&nbsp; \u2013&nbsp;<a href=\"mailto:directoraaftpfrelmu@ceam.cl\">directoraaftpfrelmu@ceam.cl<\/a><\/p>\n\n\n\n<p>+56978531930&nbsp;&nbsp; Celular<\/p>\n\n\n\n<p>+ 56233606865 Red Fija<\/p>\n\n\n\n<p>Subvenciones&nbsp;<\/p>\n\n\n\n<p><a href=\"https:\/\/registros19862.gob.cl\/institucion\/72512900\/transferencias\">https:\/\/registros19862.gob.cl\/institucion\/72512900\/transferencias<\/a><\/p>\n","protected":false},"excerpt":{"rendered":"<p>El Programa de Acompa\u00f1amiento Territorial est\u00e1 dirigido a la intervenci\u00f3n a ni\u00f1os, ni\u00f1as y adolescentes en situaci\u00f3n de desprotecci\u00f3n inicial e intermedia, que cuenten con familia o adulto a cargo [&hellip;]<\/p>\n","protected":false},"author":1,"featured_media":0,"parent":0,"menu_order":0,"comment_status":"closed","ping_status":"closed","template":"","meta":[],"_links":{"self":[{"href":"https:\/\/www.ceam.cl\/web\/wp-json\/wp\/v2\/pages\/1965"}],"collection":[{"href":"https:\/\/www.ceam.cl\/web\/wp-json\/wp\/v2\/pages"}],"about":[{"href":"https:\/\/www.ceam.cl\/web\/wp-json\/wp\/v2\/types\/page"}],"author":[{"embeddable":true,"href":"https:\/\/www.ceam.cl\/web\/wp-json\/wp\/v2\/users\/1"}],"replies":[{"embeddable":true,"href":"https:\/\/www.ceam.cl\/web\/wp-json\/wp\/v2\/comments?post=1965"}],"version-history":[{"count":22,"href":"https:\/\/www.ceam.cl\/web\/wp-json\/wp\/v2\/pages\/1965\/revisions"}],"predecessor-version":[{"id":2808,"href":"https:\/\/www.ceam.cl\/web\/wp-json\/wp\/v2\/pages\/1965\/revisions\/2808"}],"wp:attachment":[{"href":"https:\/\/www.ceam.cl\/web\/wp-json\/wp\/v2\/media?parent=1965"}],"curies":[{"name":"wp","href":"https:\/\/api.w.org\/{rel}","templated":true}]}}

Programa De Acompañamiento Familiar Territorial Y Prevención Focalizada Relmu &#8211; Talca

<p class="justificar">El Programa de Acompañamiento Territorial está dirigido a la intervención a niños, niñas y adolescentes en situación de desprotección inicial e intermedia, que cuenten con familia o adulto a cargo del cuidado para realizar un proceso terapéutico y de fortalecimiento de sus vínculos, a cargo de acompañantes terapéuticos, Trabajador Social y Psicólogo.</p>



<p class="justificar">El Programa de Prevención Focalizada, desarrolla acciones que favorezcan el fortalecimiento de las potencialidades, del niño, niña o adolescente, de sus hermanos (si existen) de sus familias o figuras de cuidados, orientado al desarrollo de habilidades y factores protectores que favorezcan su protección integral, que se encuentra a cargo de Gestores Territoriales.</p>



<p>Ambos programas conforman un Modelo Integrado de Intervención que cuenta con:</p>



<ul>
<li>Director/a:&nbsp;Sylvia Beatriz Albornoz Albornoz – Rut 11560916-5, Asistente Social</li>



<li>Jefatura Técnica:&nbsp;Francisca Javiera Verdugo Arellano – 19.472.756-9 Psicóloga</li>
</ul>



<p>&nbsp;&nbsp;&nbsp;&nbsp;&nbsp;&nbsp;&nbsp;&nbsp;&nbsp; &nbsp;&nbsp;&nbsp;&nbsp;&nbsp;&nbsp;&nbsp;&nbsp;&nbsp;&nbsp;&nbsp;&nbsp;&nbsp;&nbsp;&nbsp;&nbsp;&nbsp;&nbsp;&nbsp;&nbsp;&nbsp;&nbsp;&nbsp;&nbsp;&nbsp;&nbsp;&nbsp;&nbsp;&nbsp;&nbsp;&nbsp;&nbsp;&nbsp;Tamara Soledad Zúñiga Parada &#8211; 16.119.422-0, Psicologa (s)</p>



<ul>
<li class="interlineado">Acompañantes terapéuticos:<br>Nicolas Javier Maureira Osses &#8211; 20.900.370-8, Psicologo<br>Carla Lorena Oñate Perales &#8211; 16.503.833-9, Trabajadora Social<br>Karina Nicol Jara Olave &#8211; 18.349.724-3, Licenciada En Trabajo Social<br>Maria Carolina Antúnez Lara &#8211; 14.510.830-6, Trabajadora Social<br>Maria Jesús Payeras Fernández &#8211; 19.106.168-3, Psicologa<br>Evelyn Vásquez Miqueiro &#8211; 19.456.800-2, Asistente Social<br>Camila Angelica Rojas Morales &#8211; 19.389.949-8, Psicologa<br>Kevin Rodrigo Paredes Soto &#8211; 20.069.391-4, Psicologo<br>Tomas Renato Retamal Fuentes &#8211; 20.562.885-1, Trabajador Social<br></li>



<li class="interlineado">Gestores territoriales:<br>Jose Tomas Rojas Vera &#8211; 20.351.105-1, Asistente Social<br>Araceli Isidora Jelvez Rojas &#8211; 20.171.028-6, Asistente Social<br>Marcela Alejandra Vásquez Gonzalez &#8211; 18.225.070-8, Trabajadora Social<br></li>
</ul>



<ul>
<li>Personal Administrativo:<br>Jesabel Marian Peña Melgarejo – Rut 13950680-4, Técnico en Administración de Empresas<br></li>
</ul>



<ul>
<li>Auxiliar de Aseo:<br>Yessica de Carmen Villaseca Morales – Rut 13.949.895-k</li>
</ul>



<p></p>



<p>Actualmente el Programa Relmu se encuentra ubicado en 4 sur entre 6 y 7 oriente N°1383, Talca.</p>



<p>Plazas convenidas: 100 NNA</p>



<p>Cuenta con 100 niños, niñas y adolescentes ingresados.</p>



<p>El periodo de vigencia del programa actual es desde enero 2024 a junio 2028. (4 años 6 meses)</p>



<p>Su directora es Sylvia Albornoz Albornoz quien dirige el programa desde su apertura en el mes de enero del 2024.</p>



<p>El equipo se encuentra conformado por 5 duplas psicosociales y 3 gestores territoriales (profesionales del área de las ciencias sociales), secretaria y personal de aseo.</p>



<p>Datos de contacto del programa:</p>



<p><a href="mailto:aftpfrelmu@ceam.cl">aftpfrelmu@ceam.cl</a>&nbsp; –&nbsp;<a href="mailto:directoraaftpfrelmu@ceam.cl">directoraaftpfrelmu@ceam.cl</a></p>



<p>+56978531930&nbsp;&nbsp; Celular</p>



<p>+ 56233606865 Red Fija</p>



<p>Subvenciones&nbsp;</p>



<p><a href="https://registros19862.gob.cl/institucion/72512900/transferencias">https://registros19862.gob.cl/institucion/72512900/transferencias</a></p>

<p>El Programa de Acompañamiento Territorial está dirigido a la intervención a niños, niñas y adolescentes en situación de desprotección inicial e intermedia, que cuenten con familia o adulto a cargo [&hellip;]</p>
