{"id":1971,"date":"2024-07-29T01:23:09","date_gmt":"2024-07-29T01:23:09","guid":{"rendered":"https:\/\/www.ceam.cl\/web\/?page_id=1971"},"modified":"2026-08-20T14:56:44","modified_gmt":"2026-08-20T14:56:44","slug":"programa-de-acompanamiento-familiar-territorial-y-prevencion-focalizada-nahuen-san-clemente","status":"publish","type":"page","link":"https:\/\/www.ceam.cl\/web\/programa-de-acompanamiento-familiar-territorial-y-prevencion-focalizada-nahuen-san-clemente\/","title":{"rendered":"Programa De Acompa\u00f1amiento Familiar Territorial Y Prevenci\u00f3n Focalizada Nahuen San Clemente"},"content":{"rendered":"\n<p class=\"justificar\">El Programa de Acompa\u00f1amiento Territorial est\u00e1 dirigido a la intervenci\u00f3n a ni\u00f1os, ni\u00f1as y adolescentes en situaci\u00f3n de desprotecci\u00f3n inicial e intermedia, que cuenten con familia o adulto a cargo del cuidado para realizar un proceso terap\u00e9utico y de fortalecimiento de sus v\u00ednculos, a cargo de acompa\u00f1antes terap\u00e9uticos, Trabajador Social y Psic\u00f3logo.<\/p>\n\n\n\n<p class=\"justificar\">El Programa de Prevenci\u00f3n Focaliza, desarrolla acciones que favorezcan el fortalecimiento de las potencialidades, del ni\u00f1o, ni\u00f1a o adolescente, de sus hermanos (si existen) de sus familias o figuras de cuidados, orientado al desarrollo de habilidades y factores protectores que favorezcan su protecci\u00f3n integral, que se encuentra a cargo de Gestores Territoriales.<\/p>\n\n\n\n<p>Ambos programas conforman un Modelo Integrado de Intervenci\u00f3n que cuenta con:<\/p>\n\n\n\n<ul>\n<li>Director\/a:\u00a0Patricia del Carmen Bravo Escalona \u2013 Rut 16.505.878-K \u2013 Psic\u00f3loga<br><\/li>\n\n\n\n<li class=\"interlineado\">Acompa\u00f1antes terap\u00e9uticos:<br>Damary Fernanda Jara Tapia &#8211; 20.069.947-5, Trabajadora Social<br>Andrea Paz Arenas Alarc\u00f3n &#8211; 19.698.012-1, Trabajadadora Social<br>Diego Andr\u00e9s Bravo Orellana &#8211; 19.474.886-8, Trabajador Social<br>Myriam Alejandra Villalobos Lillo &#8211; 17.494.636-1, Psicologa<br>Thiare Leandra Tapia Moya &#8211; 20.056.471-5, Trabajadora Social<br>Constanza Andrea Sep\u00falveda Verdugo &#8211; 19.045.289-1, Psicologa<br>Maria Jose Lavinia Rojas Cornejo &#8211; 19.696.496-7, Psicologa<\/li>\n<\/ul>\n\n\n\n<p><\/p>\n\n\n\n<ul>\n<li class=\"interlineado\">Gestores territoriales:<br>Paula Carolina Guti\u00e9rrez L\u00f3pez &#8211; 19.807.196-K, Asistente Social<br>Valentina Ignacia Sep\u00falveda Troncoso &#8211; 20.306.640-6, \u00a0Asistente Social<\/li>\n<\/ul>\n\n\n\n<p><\/p>\n\n\n\n<ul>\n<li>Personal Administrativo:<br>Carol Francisca Montesinos Gonz\u00e1lez &#8211; 17.932.650-7, T\u00e9cnico social<br>Maria Fernanda Palavecinos Alarcon &#8211; 16.273.414-8, Tec. En Adm De Empresas (s)<\/li>\n<\/ul>\n\n\n\n<p><\/p>\n\n\n\n<ul>\n<li>Auxiliar de Aseo:<br>Jesenia Alejandra Espinoza Barrientos \u2013 Rut 17.321.780-3, Tec. Nivel medio atenci\u00f3n de P\u00e1rvulos<\/li>\n<\/ul>\n\n\n\n<p>Actualmente el Programa Nahuen se encuentra ubicado en Valles de San Clemente, calle Cerro Azul #1398, en la comuna de San Clemente<\/p>\n\n\n\n<p>Plazas convenidas: 80 NNA<\/p>\n\n\n\n<p>Cuenta con 87 ni\u00f1os, ni\u00f1as y adolescentes ingresados.<\/p>\n\n\n\n<p>El periodo de vigencia del programa actual es desde enero 2024 a junio 2028. (4 a\u00f1os 6 meses)<\/p>\n\n\n\n<p>Su directora es Patricia Bravo Escalona.<\/p>\n\n\n\n<p class=\"justificar\">El equipo se encuentra conformado por 5 duplas psicosociales y 2 gestores territoriales (profesionales del \u00e1rea de las ciencias sociales), secretaria y personal de aseo.<\/p>\n\n\n\n<p>Datos de contacto del programa:<\/p>\n\n\n\n<p><a href=\"mailto:Aftpfnahuen@ceam.cl\" target=\"_blank\" rel=\"noreferrer noopener\">Aftpfnahuen@ceam.cl<\/a>&nbsp; \u2013&nbsp;<a href=\"mailto:directoraaftpfnahuen@ceaml.cl\" target=\"_blank\" rel=\"noreferrer noopener\">directoraaftpfnahuen@ceaml.cl<\/a><\/p>\n\n\n\n<p>+56926913730&nbsp;&nbsp; Celular<\/p>\n\n\n\n<p>712-712980963 Red Fija<\/p>\n\n\n\n<p>Subvenciones&nbsp;<\/p>\n\n\n\n<p><a href=\"https:\/\/registros19862.gob.cl\/institucion\/72512900\/transferencias\">https:\/\/registros19862.gob.cl\/institucion\/72512900\/transfer<\/a><a href=\"https:\/\/registros19862.gob.cl\/institucion\/72512900\/transferencias\" target=\"_blank\" rel=\"noreferrer noopener\">e<\/a><a href=\"https:\/\/registros19862.gob.cl\/institucion\/72512900\/transferencias\">ncias<\/a><\/p>\n","protected":false},"excerpt":{"rendered":"<p>El Programa de Acompa\u00f1amiento Territorial est\u00e1 dirigido a la intervenci\u00f3n a ni\u00f1os, ni\u00f1as y adolescentes en situaci\u00f3n de desprotecci\u00f3n inicial e intermedia, que cuenten con familia o adulto a cargo [&hellip;]<\/p>\n","protected":false},"author":1,"featured_media":0,"parent":0,"menu_order":0,"comment_status":"closed","ping_status":"closed","template":"","meta":[],"_links":{"self":[{"href":"https:\/\/www.ceam.cl\/web\/wp-json\/wp\/v2\/pages\/1971"}],"collection":[{"href":"https:\/\/www.ceam.cl\/web\/wp-json\/wp\/v2\/pages"}],"about":[{"href":"https:\/\/www.ceam.cl\/web\/wp-json\/wp\/v2\/types\/page"}],"author":[{"embeddable":true,"href":"https:\/\/www.ceam.cl\/web\/wp-json\/wp\/v2\/users\/1"}],"replies":[{"embeddable":true,"href":"https:\/\/www.ceam.cl\/web\/wp-json\/wp\/v2\/comments?post=1971"}],"version-history":[{"count":14,"href":"https:\/\/www.ceam.cl\/web\/wp-json\/wp\/v2\/pages\/1971\/revisions"}],"predecessor-version":[{"id":2812,"href":"https:\/\/www.ceam.cl\/web\/wp-json\/wp\/v2\/pages\/1971\/revisions\/2812"}],"wp:attachment":[{"href":"https:\/\/www.ceam.cl\/web\/wp-json\/wp\/v2\/media?parent=1971"}],"curies":[{"name":"wp","href":"https:\/\/api.w.org\/{rel}","templated":true}]}}

Programa De Acompañamiento Familiar Territorial Y Prevención Focalizada Nahuen San Clemente

<p class="justificar">El Programa de Acompañamiento Territorial está dirigido a la intervención a niños, niñas y adolescentes en situación de desprotección inicial e intermedia, que cuenten con familia o adulto a cargo del cuidado para realizar un proceso terapéutico y de fortalecimiento de sus vínculos, a cargo de acompañantes terapéuticos, Trabajador Social y Psicólogo.</p>



<p class="justificar">El Programa de Prevención Focaliza, desarrolla acciones que favorezcan el fortalecimiento de las potencialidades, del niño, niña o adolescente, de sus hermanos (si existen) de sus familias o figuras de cuidados, orientado al desarrollo de habilidades y factores protectores que favorezcan su protección integral, que se encuentra a cargo de Gestores Territoriales.</p>



<p>Ambos programas conforman un Modelo Integrado de Intervención que cuenta con:</p>



<ul>
<li>Director/a: Patricia del Carmen Bravo Escalona – Rut 16.505.878-K – Psicóloga<br></li>



<li class="interlineado">Acompañantes terapéuticos:<br>Damary Fernanda Jara Tapia &#8211; 20.069.947-5, Trabajadora Social<br>Andrea Paz Arenas Alarcón &#8211; 19.698.012-1, Trabajadadora Social<br>Diego Andrés Bravo Orellana &#8211; 19.474.886-8, Trabajador Social<br>Myriam Alejandra Villalobos Lillo &#8211; 17.494.636-1, Psicologa<br>Thiare Leandra Tapia Moya &#8211; 20.056.471-5, Trabajadora Social<br>Constanza Andrea Sepúlveda Verdugo &#8211; 19.045.289-1, Psicologa<br>Maria Jose Lavinia Rojas Cornejo &#8211; 19.696.496-7, Psicologa</li>
</ul>



<p></p>



<ul>
<li class="interlineado">Gestores territoriales:<br>Paula Carolina Gutiérrez López &#8211; 19.807.196-K, Asistente Social<br>Valentina Ignacia Sepúlveda Troncoso &#8211; 20.306.640-6,  Asistente Social</li>
</ul>



<p></p>



<ul>
<li>Personal Administrativo:<br>Carol Francisca Montesinos González &#8211; 17.932.650-7, Técnico social<br>Maria Fernanda Palavecinos Alarcon &#8211; 16.273.414-8, Tec. En Adm De Empresas (s)</li>
</ul>



<p></p>



<ul>
<li>Auxiliar de Aseo:<br>Jesenia Alejandra Espinoza Barrientos – Rut 17.321.780-3, Tec. Nivel medio atención de Párvulos</li>
</ul>



<p>Actualmente el Programa Nahuen se encuentra ubicado en Valles de San Clemente, calle Cerro Azul #1398, en la comuna de San Clemente</p>



<p>Plazas convenidas: 80 NNA</p>



<p>Cuenta con 87 niños, niñas y adolescentes ingresados.</p>



<p>El periodo de vigencia del programa actual es desde enero 2024 a junio 2028. (4 años 6 meses)</p>



<p>Su directora es Patricia Bravo Escalona.</p>



<p class="justificar">El equipo se encuentra conformado por 5 duplas psicosociales y 2 gestores territoriales (profesionales del área de las ciencias sociales), secretaria y personal de aseo.</p>



<p>Datos de contacto del programa:</p>



<p><a href="mailto:Aftpfnahuen@ceam.cl" target="_blank" rel="noreferrer noopener">Aftpfnahuen@ceam.cl</a>&nbsp; –&nbsp;<a href="mailto:directoraaftpfnahuen@ceaml.cl" target="_blank" rel="noreferrer noopener">directoraaftpfnahuen@ceaml.cl</a></p>



<p>+56926913730&nbsp;&nbsp; Celular</p>



<p>712-712980963 Red Fija</p>



<p>Subvenciones&nbsp;</p>



<p><a href="https://registros19862.gob.cl/institucion/72512900/transferencias">https://registros19862.gob.cl/institucion/72512900/transfer</a><a href="https://registros19862.gob.cl/institucion/72512900/transferencias" target="_blank" rel="noreferrer noopener">e</a><a href="https://registros19862.gob.cl/institucion/72512900/transferencias">ncias</a></p>

<p>El Programa de Acompañamiento Territorial está dirigido a la intervención a niños, niñas y adolescentes en situación de desprotección inicial e intermedia, que cuenten con familia o adulto a cargo [&hellip;]</p>
