{"id":1977,"date":"2024-07-29T01:29:32","date_gmt":"2024-07-29T01:29:32","guid":{"rendered":"https:\/\/www.ceam.cl\/web\/?page_id=1977"},"modified":"2026-08-20T15:00:29","modified_gmt":"2026-08-20T15:00:29","slug":"breve-descripcion-del-programa-de-acompanamiento-familiar-territorial-y-prevencion-focalizada-mewlen-comuna-maule","status":"publish","type":"page","link":"https:\/\/www.ceam.cl\/web\/breve-descripcion-del-programa-de-acompanamiento-familiar-territorial-y-prevencion-focalizada-mewlen-comuna-maule\/","title":{"rendered":"Programa De Acompa\u00f1amiento Familiar Territorial Y Prevenci\u00f3n Focalizada Mewlen \u2013 Comuna Maule"},"content":{"rendered":"\n<p class=\"justificar\">El&nbsp;Programa de Acompa\u00f1amiento Territorial \u2013 AFT:&nbsp;est\u00e1&nbsp;dirigido a la intervenci\u00f3n a ni\u00f1os, ni\u00f1as y adolescentes en situaci\u00f3n de desprotecci\u00f3n inicial e intermedia, que cuenten con familia o adulto a cargo del cuidado para realizar un proceso terap\u00e9utico y de fortalecimiento de sus v\u00ednculos, a cargo de acompa\u00f1antes terap\u00e9uticos, Trabajador Social y Psic\u00f3logo.<\/p>\n\n\n\n<p class=\"justificar\">El&nbsp;Programa de Prevenci\u00f3n Focaliza&nbsp;\u2013 PF, desarrolla acciones que favorezcan el fortalecimiento de las potencialidades, del ni\u00f1o, ni\u00f1a o adolescente, de sus hermanos (si existen) de sus familias o figuras de cuidados, orientado al desarrollo de habilidades y factores protectores que favorezcan su protecci\u00f3n integral, que se encuentra a cargo de Gestores Territoriales, profesionales trabajadores\/a social.<\/p>\n\n\n\n<p>Ambos programas conforman un \u201cModelo Integrado de Intervenci\u00f3n\u201d&nbsp;que cuenta con:<\/p>\n\n\n\n<ul>\n<li>Directora:&nbsp;Pamela Alejandra Valdebenito Troncoso \u2013 RUT 12.29.7043-4 \u2013 Asistente social<\/li>\n\n\n\n<li>Jefe T\u00e9cnico:&nbsp;Juan Salustio Lara Ruiz \u2013 RUT 9.528.355-1 \u2013 Asistente social<\/li>\n\n\n\n<li>Acompa\u00f1antes terap\u00e9uticos:<\/li>\n<\/ul>\n\n\n\n<p>Ana Claudina C\u00e1ceres Morales &#8211; 15.596.638-6, Trabajadora Social-Licenciada En Trabajo Social<\/p>\n\n\n\n<p>Luisa Belen Vald\u00e9s Vergara &#8211; 20.009.496-4, Psic\u00f3loga<\/p>\n\n\n\n<p>Diego Ignacio Palma Flores -17.496.880-2, Asistente Social<\/p>\n\n\n\n<p>Krishna Anais Gonz\u00e1lez S\u00e1nchez &#8211; 20.304.737-1, Psic\u00f3loga<\/p>\n\n\n\n<p>Constanza Catalina De La Barra Orellana &#8211; 18.355.920-6, Psic\u00f3loga<\/p>\n\n\n\n<p>Natalia Fernanda Rebolledo Orellana, 18.474.906-8 &#8211; Asistente Social<\/p>\n\n\n\n<p>Jeraly Magdalena Corveleyn Mu\u00f1oz &#8211; 19.044.108-3, Psicologa<\/p>\n\n\n\n<p>Diego Alexander Dachelet Morales &#8211; 20.226.013-6, &nbsp;Psicologo<\/p>\n\n\n\n<p>Sara Alejandra Letelier Gonzalez &#8211; 16.456.148-8, Licenciada En Trabajo Social<\/p>\n\n\n\n<p>Dafne Danae\u00e9 Alberti Cerpa &#8211; 20.564.709-0, Trabajadora Social (S)<\/p>\n\n\n\n<p>Carolina Paz Rojas Albornoz &#8211; 14.345.873-3, &nbsp;Asistente Social<\/p>\n\n\n\n<ul>\n<li>Gestores territoriales:<\/li>\n<\/ul>\n\n\n\n<p>Daniel Andes Rosas Reyes &#8211; 19.998.686-4, Trabajador Social<\/p>\n\n\n\n<ul>\n<li>Personal Administrativo:<\/li>\n<\/ul>\n\n\n\n<p>&nbsp;&nbsp;&nbsp;&nbsp;&nbsp;&nbsp;&nbsp; Lady Nicol Garces Rebolledo \u2013 RUT 17.039.242-6, Secretaria<\/p>\n\n\n\n<ul>\n<li>Auxiliar de Aseo:<\/li>\n<\/ul>\n\n\n\n<p>Geraldine Elizabeth Garrido Avil\u00e9s \u2013 Rut 17.835.167-2<\/p>\n\n\n\n<p>Actualmente el Programa AFT PF MEWLEN se encuentra&nbsp;ubicado en avenida Duao N\u00b034, sector Maule Norte, de la comuna de Maule.<\/p>\n\n\n\n<p>Plazas convenidas: 100 NNA<\/p>\n\n\n\n<p>El periodo de vigencia del programa actual es desde enero 2024 a junio 2028. (4 a\u00f1os 6 meses)<\/p>\n\n\n\n<p>En la actualidad cuenta con&nbsp;107 ni\u00f1os, ni\u00f1as y adolescentes ingresados vigentes.<\/p>\n\n\n\n<p>Directora Pamela Valdebenito Troncoso, quien dirige el programa desde su apertura en el mes de enero del 2024.<\/p>\n\n\n\n<p>El equipo se encuentra conformado por 5 duplas psicosociales y 3 gestores territoriales (profesionales del \u00e1rea de las ciencias sociales), secretaria y personal de aseo.<\/p>\n\n\n\n<p>Datos de contacto del programa:<\/p>\n\n\n\n<p><a href=\"mailto:aftpfmewlen@ceam.cl\">aftpfmewlen@ceam.cl<\/a>&nbsp;\u2013&nbsp;<a href=\"mailto:directoraaftpfmewlen@ceam.cl\">directoraaftpfmewlen@ceam.cl<\/a>&nbsp;\u2013&nbsp;<a href=\"mailto:jefetecnicomewlen@ceam.cl\">jefetecnicomewlen@ceam.cl<\/a><\/p>\n\n\n\n<p>+56942201485 Celular<\/p>\n\n\n\n<p>233606439 Red Fija<\/p>\n\n\n\n<p>Subvenciones&nbsp;<\/p>\n\n\n\n<p><a href=\"https:\/\/registros19862.gob.cl\/institucion\/72512900\/transferencias\">https:\/\/registros19862.gob.cl\/institucion\/72512900\/transferencias<\/a><\/p>\n","protected":false},"excerpt":{"rendered":"<p>El&nbsp;Programa de Acompa\u00f1amiento Territorial \u2013 AFT:&nbsp;est\u00e1&nbsp;dirigido a la intervenci\u00f3n a ni\u00f1os, ni\u00f1as y adolescentes en situaci\u00f3n de desprotecci\u00f3n inicial e intermedia, que cuenten con familia o adulto a cargo del [&hellip;]<\/p>\n","protected":false},"author":1,"featured_media":0,"parent":0,"menu_order":0,"comment_status":"closed","ping_status":"closed","template":"","meta":[],"_links":{"self":[{"href":"https:\/\/www.ceam.cl\/web\/wp-json\/wp\/v2\/pages\/1977"}],"collection":[{"href":"https:\/\/www.ceam.cl\/web\/wp-json\/wp\/v2\/pages"}],"about":[{"href":"https:\/\/www.ceam.cl\/web\/wp-json\/wp\/v2\/types\/page"}],"author":[{"embeddable":true,"href":"https:\/\/www.ceam.cl\/web\/wp-json\/wp\/v2\/users\/1"}],"replies":[{"embeddable":true,"href":"https:\/\/www.ceam.cl\/web\/wp-json\/wp\/v2\/comments?post=1977"}],"version-history":[{"count":11,"href":"https:\/\/www.ceam.cl\/web\/wp-json\/wp\/v2\/pages\/1977\/revisions"}],"predecessor-version":[{"id":2814,"href":"https:\/\/www.ceam.cl\/web\/wp-json\/wp\/v2\/pages\/1977\/revisions\/2814"}],"wp:attachment":[{"href":"https:\/\/www.ceam.cl\/web\/wp-json\/wp\/v2\/media?parent=1977"}],"curies":[{"name":"wp","href":"https:\/\/api.w.org\/{rel}","templated":true}]}}

Programa De Acompañamiento Familiar Territorial Y Prevención Focalizada Mewlen – Comuna Maule

<p class="justificar">El&nbsp;Programa de Acompañamiento Territorial – AFT:&nbsp;está&nbsp;dirigido a la intervención a niños, niñas y adolescentes en situación de desprotección inicial e intermedia, que cuenten con familia o adulto a cargo del cuidado para realizar un proceso terapéutico y de fortalecimiento de sus vínculos, a cargo de acompañantes terapéuticos, Trabajador Social y Psicólogo.</p>



<p class="justificar">El&nbsp;Programa de Prevención Focaliza&nbsp;– PF, desarrolla acciones que favorezcan el fortalecimiento de las potencialidades, del niño, niña o adolescente, de sus hermanos (si existen) de sus familias o figuras de cuidados, orientado al desarrollo de habilidades y factores protectores que favorezcan su protección integral, que se encuentra a cargo de Gestores Territoriales, profesionales trabajadores/a social.</p>



<p>Ambos programas conforman un “Modelo Integrado de Intervención”&nbsp;que cuenta con:</p>



<ul>
<li>Directora:&nbsp;Pamela Alejandra Valdebenito Troncoso – RUT 12.29.7043-4 – Asistente social</li>



<li>Jefe Técnico:&nbsp;Juan Salustio Lara Ruiz – RUT 9.528.355-1 – Asistente social</li>



<li>Acompañantes terapéuticos:</li>
</ul>



<p>Ana Claudina Cáceres Morales &#8211; 15.596.638-6, Trabajadora Social-Licenciada En Trabajo Social</p>



<p>Luisa Belen Valdés Vergara &#8211; 20.009.496-4, Psicóloga</p>



<p>Diego Ignacio Palma Flores -17.496.880-2, Asistente Social</p>



<p>Krishna Anais González Sánchez &#8211; 20.304.737-1, Psicóloga</p>



<p>Constanza Catalina De La Barra Orellana &#8211; 18.355.920-6, Psicóloga</p>



<p>Natalia Fernanda Rebolledo Orellana, 18.474.906-8 &#8211; Asistente Social</p>



<p>Jeraly Magdalena Corveleyn Muñoz &#8211; 19.044.108-3, Psicologa</p>



<p>Diego Alexander Dachelet Morales &#8211; 20.226.013-6, &nbsp;Psicologo</p>



<p>Sara Alejandra Letelier Gonzalez &#8211; 16.456.148-8, Licenciada En Trabajo Social</p>



<p>Dafne Danaeé Alberti Cerpa &#8211; 20.564.709-0, Trabajadora Social (S)</p>



<p>Carolina Paz Rojas Albornoz &#8211; 14.345.873-3, &nbsp;Asistente Social</p>



<ul>
<li>Gestores territoriales:</li>
</ul>



<p>Daniel Andes Rosas Reyes &#8211; 19.998.686-4, Trabajador Social</p>



<ul>
<li>Personal Administrativo:</li>
</ul>



<p>&nbsp;&nbsp;&nbsp;&nbsp;&nbsp;&nbsp;&nbsp; Lady Nicol Garces Rebolledo – RUT 17.039.242-6, Secretaria</p>



<ul>
<li>Auxiliar de Aseo:</li>
</ul>



<p>Geraldine Elizabeth Garrido Avilés – Rut 17.835.167-2</p>



<p>Actualmente el Programa AFT PF MEWLEN se encuentra&nbsp;ubicado en avenida Duao N°34, sector Maule Norte, de la comuna de Maule.</p>



<p>Plazas convenidas: 100 NNA</p>



<p>El periodo de vigencia del programa actual es desde enero 2024 a junio 2028. (4 años 6 meses)</p>



<p>En la actualidad cuenta con&nbsp;107 niños, niñas y adolescentes ingresados vigentes.</p>



<p>Directora Pamela Valdebenito Troncoso, quien dirige el programa desde su apertura en el mes de enero del 2024.</p>



<p>El equipo se encuentra conformado por 5 duplas psicosociales y 3 gestores territoriales (profesionales del área de las ciencias sociales), secretaria y personal de aseo.</p>



<p>Datos de contacto del programa:</p>



<p><a href="mailto:aftpfmewlen@ceam.cl">aftpfmewlen@ceam.cl</a>&nbsp;–&nbsp;<a href="mailto:directoraaftpfmewlen@ceam.cl">directoraaftpfmewlen@ceam.cl</a>&nbsp;–&nbsp;<a href="mailto:jefetecnicomewlen@ceam.cl">jefetecnicomewlen@ceam.cl</a></p>



<p>+56942201485 Celular</p>



<p>233606439 Red Fija</p>



<p>Subvenciones&nbsp;</p>



<p><a href="https://registros19862.gob.cl/institucion/72512900/transferencias">https://registros19862.gob.cl/institucion/72512900/transferencias</a></p>

<p>El&nbsp;Programa de Acompañamiento Territorial – AFT:&nbsp;está&nbsp;dirigido a la intervención a niños, niñas y adolescentes en situación de desprotección inicial e intermedia, que cuenten con familia o adulto a cargo del [&hellip;]</p>
